at is the greatest common factor of p and d?
8
Let z(p) = -p**3 - 13*p**2 + 15*p + 15. Let g be z(-13). Let h be (8/3)/((-6)/g). What is the highest common divisor of h and 20?
20
Let v(g) = g - 6. Let b be v(8). Suppose -b*i - 27 = -63. Let w be 0 - 12*(1 - 4). What is the greatest common factor of i and w?
18
Suppose -5*q = -q - 32. Let o be 6/((-5)/((-25)/2)). Let f = o - -25. Calculate the greatest common divisor of f and q.
8
Suppose 5*a = -a + 90. What is the greatest common divisor of 10 and a?
5
Let p = -5 - -8. Let i(n) = n - 3*n**3 + 3*n**3 - n**2 - 2*n**3 - 1 - 3*n. Let q be i(-1). Calculate the greatest common factor of p and q.
1
Let h(d) = -d**3 + 8*d**2 + d - 5. Let z be h(8). Suppose -y + z = 2*y. Let w be (2 + 0)*(-2)/(-4). Calculate the highest common factor of y and w.
1
Suppose 3*v - 2*h + 7*h - 226 = 0, 4*v + 3*h = 294. Calculate the highest common factor of v and 8.
8
Let p(q) = -q**3 + 6*q**2 - 5*q + 3. Let n be p(5). Let w = n - -2. Suppose 5*i - 10 - 15 = 0. Calculate the greatest common factor of w and i.
5
Let d = -50 + 98. Let g = -8 - -10. Suppose -d = -g*q + q. What is the highest common factor of 12 and q?
12
Suppose -3 = -2*w + 11. Suppose w*v - 8 = 3*v. What is the highest common divisor of v and 3?
1
Let z = 11 - 8. What is the greatest common factor of z and 9?
3
Let t = 32 + -12. Let l be 1/((-8)/3 - -3). Suppose l*s = 5*s - 20. Calculate the highest common factor of s and t.
10
Suppose 5*v = 2*v - 9. Let n(d) = d**3 + 5*d**2 + 4*d + 2. Let h be n(v). Let c = -11 + 27. What is the highest common factor of h and c?
8
Let v(f) = 23*f + 1. Let h be v(1). Calculate the greatest common factor of h and 36.
12
Let t(z) = z**3 + 5*z**2 + 3*z + 2. Let v be t(-4). What is the greatest common divisor of v and 3?
3
Let z = -4 - -14. Suppose -5*b + 20 = -z. Let c(j) = 20*j - 12. Let o be c(3). What is the highest common divisor of o and b?
6
Suppose 0 = -2*a + 2*f - 50, -2*f + 31 - 81 = 3*a. Let g = a - -38. What is the highest common factor of g and 27?
9
Suppose o + 227 = 4*o - 5*k, 4*k = -4*o + 356. What is the highest common divisor of 12 and o?
12
Suppose -3*q - 2*s - 15 = s, 2*s + 10 = -5*q. Let p be q - 2/(-2)*1. Suppose 2*t = p + 1. What is the greatest common divisor of t and 7?
1
Suppose 2*d = 2*x + 164, 0 = -3*d + 5*x - 0*x + 250. Suppose o = -m - 2*o + d, 0 = -o + 4. What is the highest common factor of 17 and m?
17
Suppose -s - 8 = -g, -s - 4 = s. Let c be (8/(-2))/(2/4). Let i = c + 20. What is the greatest common factor of g and i?
6
Let h = 8 + -5. Suppose -z + 64 = h*z. Let v be ((-1)/(-2))/(1/32). Calculate the highest common factor of v and z.
16
Let r(y) = -6*y**3 - 1. Let u be 1/(-2)*2*1. Let g be r(u). What is the highest common factor of g and 5?
5
Let u be (3/4)/(2 - 273/140). What is the greatest common divisor of 75 and u?
15
Let i(l) = -l**3 - 17*l**2 + 16*l - 24. Let d be i(-18). Let p = 18 - 11. Suppose -2*u = p - 19. What is the highest common divisor of u and d?
6
Let z(f) be the second derivative of 5*f**4/12 - f**2/2 - 3*f. Let m be z(-1). What is the greatest common divisor of m and 16?
4
Suppose 0*g + 2*l = 4*g - 198, 0 = l + 3. Suppose -2*d + 3*d - 32 = 0. Calculate the highest common divisor of g and d.
16
Let z = 4 + 1. Suppose 0 = -4*u + b - 12, u = -3*u - 3*b - 28. Let h = z + u. Calculate the greatest common factor of 11 and h.
1
Suppose 5*a - 1 + 8 = -g, 2*a - 44 = -4*g. What is the highest common factor of g and 65?
13
Let a = 47 + -27. Suppose 3*h = 6*h - 24. What is the greatest common divisor of a and h?
4
Suppose 420 = 3*l + 2*l. What is the greatest common factor of 21 and l?
21
Let o be (-2 - -4)/(-6) - 1442/(-6). Calculate the highest common divisor of 15 and o.
15
Let y = -12 + 34. Calculate the highest common divisor of y and 55.
11
Let b be (0 - 8)/(8/(-32)). What is the greatest common divisor of b and 80?
16
Suppose -10*n = -13*n + 105. What is the highest common divisor of 175 and n?
35
Let b = 174 - 83. What is the greatest common divisor of 13 and b?
13
Suppose j - 35 = -2*r + 15, -3*j - 4*r + 142 = 0. What is the highest common factor of j and 12?
6
Let n(z) = -z**2 + 7*z + 3. Let s be n(7). What is the highest common divisor of 2 and s?
1
Let a(z) = -8*z + 7. Let p be a(3). Let r = 94 + p. Calculate the greatest common factor of 7 and r.
7
Let a be 240/(-36)*6/(-8). Let g be (-1)/(0 + (0 - -1)). Let j be (5 - 1) + 2 + g. What is the greatest common divisor of j and a?
5
Let x(d) = d**3 - 10*d**2 + 10*d - 5. Let h(f) = -f**2 + 8*f - 3. Let z be h(6). Let i be x(z). Calculate the greatest common factor of i and 20.
4
Let x = 54 + -42. Let h(w) = 2*w**2 + 3*w. Let b be h(-2). Suppose -3*a = -b*a - x. Calculate the greatest common factor of a and 12.
12
Suppose 3*g = 5*g - 10. Let p = 10 - g. Calculate the highest common factor of 25 and p.
5
Suppose -26 = -3*n + 7. Calculate the greatest common factor of 99 and n.
11
Suppose 4*t = t + 30. Suppose -l + t = i, 0 = -l - 5*i + 8 + 18. Let q = 57 - -9. What is the greatest common factor of q and l?
6
Let z = 143 + -123. Calculate the highest common divisor of z and 40.
20
Suppose -23*r - 13 = -24*r. Suppose 3*g + 0*g - 195 = 0. What is the highest common divisor of g and r?
13
Suppose 0 = 2*l + 4*g + 12, 5*l + g - 6 = -0. Let i(q) = 3*q**2 - 2*q - 1. Let t be i(2). Let k = t + 1. Calculate the greatest common divisor of l and k.
2
Let s(i) = i - 2. Let v be s(7). What is the greatest common divisor of 50 and v?
5
Let a = 9 - 7. Suppose -4*n = -2*w + 24, 0 = a*w + 3*w + 4*n - 74. What is the greatest common factor of w and 35?
7
Suppose -5*w + q + 10 = 0, 2*w + 4*q - 18 = 8. Suppose p - w*p + 216 = 0. What is the greatest common factor of p and 12?
12
Suppose 5*f - 4*f - 10 = -3*b, -3*f = -2*b + 14. Let j be (-12 - 2)/f - 3. Let y be (j*-1)/((-1)/33). What is the greatest common factor of y and 12?
12
Let q = 27 + -21. Calculate the highest common divisor of 12 and q.
6
Suppose -3*q - 2*c = -3*c - 78, 3*q = 2*c + 75. Calculate the highest common divisor of 243 and q.
27
Let p(z) = 2*z - 5. Let g be p(5). Let q be 66/g - 2/10. What is the highest common factor of 65 and q?
13
Let v be 6/14 - 218/(-14). Let w = -14 + 8. Let l be v + (-4 - w/2). Calculate the highest common divisor of l and 105.
15
Suppose 0 = -3*o + 219 - 138. What is the greatest common divisor of o and 216?
27
Let t = -36 - -84. Calculate the greatest common divisor of t and 32.
16
Let g be (1 + 4 - 1)/1. Let n = -2 + 18. Suppose -r = -4*u + 8*u - 52, -4*r = -n. What is the greatest common factor of g and u?
4
Let y be 99/12 - (-1)/(-4). Suppose -117 = -4*n + 5*j, -n - y = -j - 37. Suppose -42 = -4*v + 14. Calculate the highest common factor of v and n.
14
Let q(u) = -u - 3. Let s be q(-3). Suppose -12 = -s*r - 4*r. Calculate the greatest common divisor of r and 24.
3
Suppose -3*r - 8 = -2*f, 0 = -2*f + 4*r + r + 4. Let p be f*48/28*2. What is the greatest common divisor of p and 12?
12
Let q(v) = -v + 21. Let u be q(9). Calculate the greatest common divisor of 24 and u.
12
Let w = 8 - 5. Suppose n - w*q = -2*q + 18, 2*n - 8 = -5*q. Suppose -5*y = n - 64. Calculate the highest common divisor of 5 and y.
5
Suppose -y - 10 = 5*o, -o - o - 6 = 0. Suppose 9*p - y*p - 360 = 0. What is the highest common factor of 10 and p?
10
Let j = -12 + 18. Let g be (-8 + j)*(-36 + 0). Calculate the greatest common factor of g and 9.
9
Suppose -4*k + 72 = 4*c, -5*c = -3*k - 20 - 78. Let j = c - 7. Calculate the highest common factor of 24 and j.
12
Let y(b) = -b + 8. Let t be y(6). Suppose i = j - 0 - t, 0 = -3*i - 3*j. Let v be (0 - i)/(5/5). Calculate the highest common divisor of v and 11.
1
Let m = 1 - 10. Let j be m + 6 - (-78)/2. What is the greatest common factor of 6 and j?
6
Suppose -3*z + 2*z = -309. Suppose z = 4*s + 29. Calculate the greatest common divisor of s and 10.
10
Suppose -3*r + 80 = 11. Let h = 27 + r. Suppose 3*d = 12 + 3. Calculate the greatest common divisor of h and d.
5
Suppose 5*z - 11 = -1. Suppose 0 = -4*j + z*j - 2*k + 30, 4*j - k - 40 = 0. Let c be 32 + -1*1 + 2. Calculate the highest common factor of j and c.
11
Suppose 2*c + 41 - 279 = 0. Suppose 2*i + 5*a - 25 = 24, -4*i = 3*a - 77. Calculate the highest common factor of c and i.
17
